 4.
113312033
Convert -770336 (base 9) to base 6.
-13503310
What is 372737 (base 9) in base 2?
110110111101101101
Convert 55851 (base 13) to base 2.
100101111001001000
13322012313 (base 4) to base 15
2ae360
Convert 222100001122 (base 3) to base 14.
d6c9d
What is 6024230 (base 7) in base 3?
1100011221022
What is 57394 (base 10) in base 4?
32000302
Convert -67335 (base 12) to base 15.
-2a8c5
3420132 (base 10) to base 6
201145540
54a311 (base 14) to base 6
141310511
What is -4322232310 (base 5) in base 13?
-1b95763
133401312 (base 5) to base 10
684582
What is -365091 (base 10) in base 8?
-1311043
-12220000110 (base 3) to base 8
-342323
What is 111001111110100100000010 (base 2) in base 11?
8640918
Convert -3534646 (base 8) to base 12.
-3a6572
Convert 2300624 (base 10) to base 8.
10615320
148080 (base 9) to base 11
62577
What is 11001000011101111000 (base 2) in base 14?
17534c
Convert 396265 (base 10) to base 14.
a45a9
What is -178b9 (base 15) in base 8?
-224700
Convert 12330012 (base 4) to base 7.
145602
-323b6 (base 12) to base 14
-1a1d0
Convert 18316141 (base 9) to base 14.
1321081
410002130 (base 6) to base 10
6998886
2373650 (base 8) to base 13
19b430
1388388 (base 9) to base 4
2323103333
What is -1573257 (base 10) in base 16?
-180189
What is -687313 (base 12) in base 9?
-3126676
What is -15a88 (base 15) in base 14?
-1b674
-14a321b (base 14) to base 15
-d3ebb1
What is 474fc (base 16) in base 2?
1000111010011111100
What is -588540 (base 9) in base 5?
-42312011
Convert -1100100011101101101 (base 2) to base 12.
-17a179
Convert -38573 (base 13) to base 8.
-313406
203655 (base 8) to base 11
46795
161135 (base 7) to base 2
111101110001111
10a338 (base 11) to base 15
36bb0
Convert 20ae (base 15) to base 11.
5216
What is -5433003 (base 6) in base 5?
-32101143
-14423204 (base 5) to base 15
-30d04
What is 3111222023 (base 4) in base 14?
18ad07
What is -26348a (base 16) in base 8?
-11432212
45650 (base 7) to base 6
125532
268ba09 (base 14) to base 3
1022001021101020
What is 1422539 (base 13) in base 7?
105116141
What is 110021200011020 (base 3) in base 2?
11000111001110100110101
-4328699 (base 10) to base 2
-10000100000110011111011
What is -11101011001000100 (base 2) in base 9?
-203124
What is 5054021 (base 8) in base 9?
2451805
Convert -100110101110001111001111 (base 2) to base 8.
-46561717
Convert 10123353 (base 8) to base 15.
2c408d
Convert 1c3d7d (base 14) to base 16.
f682b
What is 140188 (base 10) in base 8?
421634
Convert -42dcd (base 16) to base 4.
-1002313031
What is -613b (base 16) in base 5?
-1244031
What is 1217826 (base 9) in base 10?
661875
What is 1033203 (base 7) in base 12?
60aa6
Convert -101246 (base 8) to base 11.
-23146
-6573307 (base 11) to base 4
-230001233133
517741 (base 8) to base 2
101001111111100001
-125485 (base 12) to base 6
-10231045
Convert 1570622 (base 8) to base 13.
12c186
Convert 311202200 (base 4) to base 12.
a6aa8
What is -335557 (base 8) in base 5?
-12113034
What is -3880 (base 15) in base 10?
-12045
-356114 (base 7) to base 14
-19744
What is -5dde00 (base 15) in base 9?
-8421550
What is 3f4fb (base 16) in base 12?
1060a3
What is 36625 (base 15) in base 6?
3415142
What is 2610155 (base 8) in base 2?
10110001000001101101
Convert -4133715 (base 8) to base 6.
-35252205
What is -14aa37 (base 13) in base 16?
-7c53b
What is 5444003 (base 6) in base 7?
2204304
3344432 (base 6) to base 2
101001011000100100
6265517 (base 8) to base 12
684067
6550761 (base 9) to base 5
1400023233
Convert -3024430202 (base 5) to base 9.
-12415362
Convert 12012011220222 (base 3) to base 9.
5164828
What is 4418d6 (base 14) in base 16?
233d54
What is -85852 (base 9) in base 12?
-28a78
Convert -11100111010100 (base 2) to base 10.
-14804
What is -10411515 (base 6) in base 2?
-1001100010110100111
Convert 2001003131 (base 5) to base 9.
7337331
What is 127d9 (base 14) in base 16?
b19b
What is 462753 (base 8) in base 4?
212113223
What is 69121 (base 13) in base 11?
120831
-120302124 (base 5) to base 11
-350155
-1732404 (base 9) to base 5
-221410003
Convert -462300 (base 8) to base 4.
-212103000
What is 2226245 (base 7) in base 12?
1137bb
What is 147174 (base 10) in base 6?
3053210
What is -112103330 (base 4) in base 2?
-10110010011111100
Convert -32111130231 (base 4) to base 11.
-2137385
Convert -22123023102 (base 4) to base 9.
-5124563
Convert d2732 (base 16) to base 12.
356a16
4042354 (base 7) to base 12
1b2494
Convert -221410133 (base 5) to base 11.
-5aaa99
What is 3130323 (base 7) in base 9?
634273
Convert -1843c6 (base 13) to base 5.
-123443423
Convert -75793 (base 11) to base 4.
-122320023
-775bb9 (base 12) to base 5
-441203331
56158 (base 14) to base 4
302332302
What is -58129 (base 12) in base 3?
-12222102120
-3107 (base 12) to base 3
-21022121
1001000001110101100 (base 2) to base 15
5c9d7
-66a736 (base 11) to base 13
-2b5378
What is 6825668 (base 9) in base 16?
382091
-322421 (base 10) to base 16
-4eb75
What is -8c1507 (base 16) in base 13?
-1b95805
Convert -15c8da (base 16) to base 14.
-29240a
What is -1a834d (base 14) in base 3?
-1202222201221
-121111011012 (base 3) to base 11
-2018a7
1bd0aa (base 15) to base 14
275a33
Convert 5639795 (base 10) to base 14.
a6b467
What is 12204837 (base 9) in base 16?
5b0ebb
What is 800ccc (base 14) in base 12?
1537484
Convert 45999 (base 14) to base 9.
277182
14376761 (base 8) to base 14
613d97
Convert -2945562 (base 12) to base 6.
-453551402
What is 8562548 (base 9) in base 13?
c48428
What is -3314223044 (base 5) in base 11?
-40642a8
What is -11201013331 (base 4) in base 7?
-15202621
What is -6eb594 (base 16) in base 11?
-4106139
-70047 (base 10) to base 14
-1b755
What is 1323221233 (base 4) in base 15?
a0104
What is -826364 (base 10) in base 16?
-c9bfc
79c9c (base 15) to base 13
107562
What is 243686 (base 13) in base 16?
d3121
Convert -1215042 (base 6) to base 10.
-64610
8409 (base 15) to base 11
19a72
Convert 10207535 (base 8) to base 16.
210f5d
223003313 (base 4) to base 15
373d5
-332030 (base 6) to base 13
-c792
What is -35022 (base 11) in base 16?
-c5aa
Convert -1888260 (base 12) to base 14.
-9833a8
-86849 (base 13) to base 11
-1566a5
Convert -2331557 (base 8) to base 10.
-635759
What is -29455a (base 11) in base 10?
-459865
-3113 (base 9) to base 10
-2280
-62366043 (base 7) to base 12
-190a500
Convert -123963 (base 13) to base 5.
-102432413
What is -97969 (base 15) in base 13?
-13b14a
Convert -2221212303 (base 4) to base 14.
-14125d
What is a35443 (base 11) in base 13?
46240b
22d3c (base 14) to base 3
11022111021
20605a (base 11) to base 6
11024253
What is -364054 (base 7) in base 13?
-241c3
-214490 (base 13) to base 7
-6431114
Convert -110101001111001101 (base 2) to base 11.
-139918
What is 57a3 (base 16) in base 11?
15946
What is 1269b (base 12) in base 14?
9263
1fe84 (base 16) to base 8
377204
What is -131300232 (base 4) in base 14?
-325d4
What is -10211332311 (base 4) in base 7?
-13143432
-37643034 (base 8) to base 4
-133310120130
-822321 (base 10) to base 11
-511905
-386c1 (base 14) to base 2
-100001110100110001
-283817 (base 9) to base 2
-101010010101111101
Convert 18588 (base 9) to base 3.
122122222
Convert 111110221220111 (base 3) to base 2.
11011010100111110100111
What is -1111101111000101 (base 2) in base 14?
-196bb
Convert 2202433241 (base 5) to base 16.
483a83
What is 230151 (base 7) in base 12?
1b806
Convert 41b1c (base 13) to base 2.
11100111000110101
What is 1001001101010110001101 (base 2) in base 9?
4478303
What is -1010100010110000000 (base 2) in base 4?
-1110112000
What is 43222205 (base 7) in base 16?
383fb4
-2000012021 (base 3) to base 7
-223120
Convert 215047 (base 10) to base 12.
a4547
What is 3006341 (base 7) in base 12?
151665
What is 2444234 (base 7) in base 2?
1001100100100011001
What is 14257513 (base 8) in base 4?
30111331023
Convert 6ed7b (base 16) to base 10.
454011
642765 (base 8) to base 2
110100010111110101
1423384 (base 9) to base 6
24442121
Convert -17247 (base 8) to base 16.
-1ea7
Convert -613168 (base 10) to base 3.
-1011011002221
Convert 21112012200 (base 3) to base 13.
52575
Convert 1202421 (base 6) to base 8.
172515
Convert 10111010110101110 (base 2) to base 15.
1d527
Convert 1161685 (base 12) to base 3.
20022210200202
97083 (base 12) to base 15
3dd99
-32729